ase 9?
6
What is -3 (base 13) in base 12?
-3
What is -20 (base 5) in base 14?
-a
24 (base 5) to base 11
13
Convert -105 (base 14) to base 9.
-243
Convert 100001 (base 2) to base 10.
33
Convert -1 (base 4) to base 3.
-1
Convert -b0 (base 13) to base 16.
-8f
-8 (base 12) to base 4
-20
Convert 0 (base 7) to base 3.
0
What is -2 (base 16) in base 15?
-2
What is -111011 (base 2) in base 15?
-3e
What is -4 (base 15) in base 7?
-4
5 (base 6) to base 14
5
What is 12 (base 3) in base 10?
5
Convert -12 (base 14) to base 11.
-15
-41 (base 5) to base 2
-10101
What is 2a (base 14) in base 7?
53
What is -444 (base 5) in base 7?
-235
-11000110 (base 2) to base 9
-240
What is 6 (base 14) in base 16?
6
Convert -2 (base 7) to base 11.
-2
What is b4 (base 14) in base 13?
c2
Convert 47 (base 8) to base 14.
2b
-2 (base 13) to base 8
-2
Convert 1 (base 13) to base 10.
1
Convert 11100 (base 2) to base 8.
34
0 (base 9) to base 11
0
What is 6 (base 8) in base 4?
12
What is 1b (base 13) in base 12?
20
What is 11 (base 10) in base 12?
b
Convert 2 (base 8) to base 3.
2
12 (base 6) to base 5
13
-1c (base 14) to base 13
-20
204 (base 5) to base 11
4a
What is -f (base 16) in base 15?
-10
-6 (base 10) to base 6
-10
What is -10 (base 4) in base 14?
-4
Convert -4 (base 14) to base 12.
-4
What is -2c (base 14) in base 11?
-37
-100 (base 2) to base 6
-4
What is -30 (base 9) in base 2?
-11011
3a (base 15) to base 5
210
Convert -d (base 14) to base 4.
-31
Convert -3 (base 7) to base 12.
-3
What is -b0 (base 14) in base 11?
-130
14 (base 16) to base 3
202
Convert 4 (base 11) to base 7.
4
-11 (base 8) to base 2
-1001
Convert 3 (base 9) to base 8.
3
Convert 22 (base 8) to base 15.
13
-1011 (base 2) to base 14
-b
Convert -122 (base 6) to base 12.
-42
-1 (base 2) to base 4
-1
-67 (base 15) to base 7
-166
Convert -32 (base 4) to base 3.
-112
What is -1 (base 11) in base 15?
-1
12c (base 13) to base 14
10b
Convert 10 (base 5) to base 10.
5
Convert -57 (base 8) to base 15.
-32
What is -9 (base 14) in base 16?
-9
What is -17 (base 11) in base 3?
-200
-214 (base 8) to base 13
-aa
-230 (base 6) to base 14
-66
42 (base 7) to base 11
28
Convert 53 (base 15) to base 9.
86
6 (base 15) to base 6
10
Convert -31 (base 13) to base 4.
-220
624 (base 8) to base 2
110010100
202 (base 4) to base 9
37
Convert 30 (base 13) to base 8.
47
Convert -102 (base 4) to base 15.
-13
-16 (base 8) to base 7
-20
-15 (base 14) to base 16
-13
-9 (base 11) to base 16
-9
Convert 3 (base 14) to base 4.
3
Convert 101101 (base 2) to base 10.
45
3 (base 7) to base 13
3
What is a (base 15) in base 14?
a
What is 21 (base 14) in base 2?
11101
What is 45 (base 12) in base 15?
38
-100 (base 3) to base 10
-9
What is -29 (base 16) in base 13?
-32
Convert -8e (base 16) to base 4.
-2032
-1 (base 4) to base 2
-1
What is -60 (base 11) in base 9?
-73
Convert 1 (base 8) to base 7.
1
-c (base 16) to base 10
-12
What is 2 (base 3) in base 15?
2
Convert 0 (base 15) to base 8.
0
-1311 (base 6) to base 15
-171
What is 201 (base 3) in base 16?
13
11 (base 8) to base 11
9
What is 161 (base 13) in base 12?
188
-11 (base 5) to base 16
-6
5 (base 10) to base 3
12
-28 (base 9) to base 12
-22
46 (base 7) to base 12
2a
What is 1101010 (base 2) in base 10?
106
What is -362 (base 7) in base 12?
-13b
What is -85 (base 12) in base 9?
-122
Convert 0 (base 11) to base 15.
0
Convert 10 (base 2) to base 6.
2
What is -4 (base 12) in base 14?
-4
What is 3131 (base 4) in base 6?
1005
Convert 199 (base 11) to base 9.
274
What is -2122 (base 4) in base 5?
-1104
What is -10 (base 4) in base 7?
-4
What is -100010 (base 2) in base 12?
-2a
What is -2 (base 4) in base 15?
-2
Convert 48 (base 10) to base 8.
60
Convert -7a (base 11) to base 13.
-69
1011 (base 3) to base 5
111
0 (base 7) to base 4
0
5 (base 7) to base 6
5
435 (base 9) to base 5
2411
What is -11 (base 2) in base 7?
-3
What is 210 (base 9) in base 12?
123
139 (base 13) to base 10
217
62 (base 12) to base 7
134
-48 (base 11) to base 9
-57
-1340 (base 5) to base 3
-22011
-34 (base 8) to base 2
-11100
Convert 34 (base 10) to base 11.
31
What is -3 (base 13) in base 9?
-3
What is -31 (base 12) in base 9?
-41
3b (base 12) to base 11
43
10 (base 2) to base 10
2
Convert -20 (base 8) to base 7.
-22
What is -13 (base 15) in base 14?
-14
Convert -3 (base 12) to base 8.
-3
Convert -1 (base 12) to base 14.
-1
Convert ae (base 15) to base 14.
ba
Convert 10 (base 7) to base 13.
7
12000 (base 3) to base 6
343
Convert -5 (base 15) to base 13.
-5
What is 19 (base 10) in base 2?
10011
Convert 10 (base 3) to base 5.
3
Convert 10110010 (base 2) to base 7.
343
What is 0 (base 16) in base 13?
0
-1 (base 11) to base 2
-1
-69 (base 10) to base 15
-49
What is 6c (base 13) in base 16?
5a
101000 (base 2) to base 7
55
-a (base 12) to base 7
-13
Convert 21 (base 5) to base 6.
15
-100110 (base 2) to base 7
-53
-7 (base 16) to base 9
-7
323 (base 4) to base 13
47
What is 3 (base 6) in base 13?
3
-101 (base 2) to base 10
-5
What is 306 (base 10) in base 7?
615
What is -135 (base 7) in base 10?
-75
-2 (base 14) to base 10
-2
15 (base 11) to base 5
31
21 (base 12) to base 7
34
Convert 2 (base 9) to base 12.
2
0 (base 5) to base 3
0
What is -1101110 (base 2) in base 8?
-156
What is 72 (base 8) in base 9?
64
Convert -116 (base 8) to base 10.
-78
What is -12100 (base 3) in base 12?
-100
3 (base 6) to base 8
3
-31 (base 5) to base 2
-10000
Convert 1 (base 9) to base 11.
1
What is -9 (base 11) in base 6?
-13
3 (base 16) to base 3
10
What is -13 (base 7) in base 5?
-20
Convert 21022 (base 3) to base 14.
101
Convert 10 (base 8) to base 12.
8
-30 (base 5) to base 12
-13
What is -14 (base 5) in base 3?
-100
Convert -103 (base 4) to base 6.
-31
6 (base 13) to base 7
6
Convert 0 (base 13) to base 12.
0
Convert 111 (base 3) to base 6.
21
Convert 5 (base 8) to base 7.
5
Convert -220 (base 3) to base 15.
-19
-24 (base 10) to base 13
-1b
Convert 14 (base 10) to base 2.
1110
Convert -3 (base 9) to base 6.
-3
Convert -29 (base 14) to base 10.
-37
Convert 5 (base 13) to base 3.
12
-9 (base 10) to base 5
-14
0 (base 14) to base 9
0
What is -15 (base 6) in base 16?
-b
Convert 11 (base 4) to base 7.
5
Convert -2e (base 15) to base 5.
-134
Convert -5 (base 14) to base 3.
-12
What is 9 (base 14) in base 13?
9
217 (base 9) to base 16
b2
Convert 1 (base 12) to base 2.
1
Convert -14 (base 9) to base 3.
-111
Convert -26 (base 13) to base 10.
-32
0 (base 4) to base 16
0
Convert -1 (base 4) to base 3.
-1
0 (base 15) to base 10
0
Convert 65 (base 12) to base 4.
1031
Convert -2 (base 6) to base 15.
-2
What is 3a (base 11) in base 14?
31
Convert 5 (base 11) to base 5.
10
3 (base 8) to base 10
3
What is 50 (base 12) in base 7?
114
353 (base 7) to base 4
2321
-a (base 16) to base 10
-10
What is 3 (base 7) in base 8?
3
13 (base 10) to base 2
1101
What is 3 (base 7) in base 2?
11
Convert 1 (base 8) to base 2.
1
-1 (base 4) to base 8
-1
What is 3 (base 5) in base 6?
3
What is -352 (base 9) in base 16?
-122
Convert 80 (base 12) to base 3.
10120
7 (base 13) to base 9
7
0 (base 11) to base 15
0
Convert -76 (base 16) to base 12.
-9a
Convert 1 (base 2) to base 10.
1
-8 (base 15) to base 13
-8
11 (base 10) to base 13
b
Convert -d (base 14) to base 6.
-21
-210 (base 3) to base 2
-10101
What is -121 (base 8) in base 15?
-56
Convert -127 (base 10) to base 4.
-1333
-4 (base 6) to base 5
-4
1230 (base 4) to base 6
300
Convert -206 (base 11) to base 10.
-248
What is -3120 (base 4) in base 12?
-160
What is -8 (base 16) in base 5?
-13
What is 100101000 (base 2) in base 12?
208
What is -7a (base 11) in base 5?
-322
Convert -38 (base 11) to base 13.
-32
Convert -1 (base 8) to base 14.
-1
Convert 66 (base 14) to base 2.
1011010
1010 (base 2) to base 10
10
1 (base 2) to base 3
1
What is 10 (base 8) in base 12?
8
-174 (base 10) to base 7
-336
1 (base 3) to base 2
1
Convert 13 (base 5) to base 4.
20
7 (base 15) to base 4
13
What is 38 (base 14) in base 3?
1212
What is -18 (base 11) in base 3?
-201
What is -49 (base 10) in base 8?
-61
Convert -312 (base 5) to base 15.
-57
-119 (base 10) to base 5
-434
What is -47 (base 15) in base 10?
-67
-1 (base 9) to base 16
-1
What is 4 (base 10) in base 7?
4
Convert -1 (base 14) to base 13.
-1
-3 (base 10) to base 5
-3
What is -10 (base 2) in base 12?
-